{"id":12,"date":"2025-10-26T15:20:33","date_gmt":"2025-10-26T15:20:33","guid":{"rendered":"https:\/\/abil-initiatives.org\/?page_id=12"},"modified":"2025-10-30T09:44:24","modified_gmt":"2025-10-30T09:44:24","slug":"le-coaching-professionnel","status":"publish","type":"page","link":"https:\/\/abil-initiatives.org\/index.php\/le-coaching-professionnel\/","title":{"rendered":"Le coaching professionnel"},"content":{"rendered":"\n<h3 class=\"wp-block-heading\">\ud83c\udf3f Le coaching professionnel<\/h3>\n\n\n\n<p>Le <strong>coaching professionnel<\/strong> est un accompagnement personnalis\u00e9 qui aide \u00e0 mieux se conna\u00eetre, \u00e0 clarifier ses objectifs et \u00e0 mobiliser ses propres ressources pour avancer.<br>Chez <strong>Abil Initiatives<\/strong>, il s\u2019adresse \u00e0 toute personne souhaitant redonner du sens \u00e0 son parcours, relever un d\u00e9fi professionnel ou retrouver un \u00e9quilibre dans sa vie au travail.<br>Gr\u00e2ce \u00e0 une \u00e9coute bienveillante et \u00e0 un questionnement structur\u00e9, le coach aide \u00e0 prendre du recul, \u00e0 d\u00e9passer les blocages et \u00e0 passer \u00e0 l\u2019action, en coh\u00e9rence avec ses valeurs et ses priorit\u00e9s.<br>Les s\u00e9ances peuvent se d\u00e9rouler <strong>en visioconf\u00e9rence<\/strong>, dans un cadre confidentiel et accessible \u00e0 tous.<\/p>\n\n\n\n<p><strong>\u00catre coach\u00e9, c\u2019est :<\/strong><\/p>\n\n\n\n<ol class=\"wp-block-list\">\n<li>Retrouver confiance en soi et en ses capacit\u00e9s<\/li>\n\n\n\n<li>Clarifier ses envies et ses objectifs<\/li>\n\n\n\n<li>Identifier ses forces et ses leviers d\u2019action<\/li>\n\n\n\n<li>Prendre des d\u00e9cisions align\u00e9es avec ses valeurs<\/li>\n\n\n\n<li>Passer concr\u00e8tement \u00e0 l\u2019action, \u00e0 son rythme<\/li>\n<\/ol>\n\n\n\n<hr class=\"wp-block-separator has-alpha-channel-opacity\"\/>\n\n\n\n<figure class=\"wp-block-image size-full is-resized\"><img loading=\"lazy\" decoding=\"async\" width=\"1024\" height=\"1536\" src=\"https:\/\/abil-initiatives.org\/wp-content\/uploads\/2025\/10\/ChatGPT-Image-29-oct.-2025-15_49_10.png\" alt=\"\" class=\"wp-image-24\" style=\"width:484px;height:auto\" srcset=\"https:\/\/abil-initiatives.org\/wp-content\/uploads\/2025\/10\/ChatGPT-Image-29-oct.-2025-15_49_10.png 1024w, https:\/\/abil-initiatives.org\/wp-content\/uploads\/2025\/10\/ChatGPT-Image-29-oct.-2025-15_49_10-200x300.png 200w\" sizes=\"auto, (max-width: 1024px) 100vw, 1024px\" \/><\/figure>\n","protected":false},"excerpt":{"rendered":"<p>\ud83c\udf3f Le coaching professionnel Le coaching professionnel est un accompagnement personnalis\u00e9 qui aide \u00e0 mieux se conna\u00eetre, \u00e0 clarifier ses objectifs et \u00e0 mobiliser ses propres ressources pour avancer.Chez Abil Initiatives, il s\u2019adresse \u00e0 toute personne souhaitant redonner du sens \u00e0 son parcours, relever un d\u00e9fi professionnel ou retrouver un \u00e9quilibre dans sa vie au [&hellip;]<\/p>\n","protected":false},"author":1,"featured_media":0,"parent":0,"menu_order":1,"comment_status":"closed","ping_status":"closed","template":"","meta":{"footnotes":""},"class_list":["post-12","page","type-page","status-publish","hentry"],"_links":{"self":[{"href":"https:\/\/abil-initiatives.org\/index.php\/wp-json\/wp\/v2\/pages\/12","targetHints":{"allow":["GET"]}}],"collection":[{"href":"https:\/\/abil-initiatives.org\/index.php\/wp-json\/wp\/v2\/pages"}],"about":[{"href":"https:\/\/abil-initiatives.org\/index.php\/wp-json\/wp\/v2\/types\/page"}],"author":[{"embeddable":true,"href":"https:\/\/abil-initiatives.org\/index.php\/wp-json\/wp\/v2\/users\/1"}],"replies":[{"embeddable":true,"href":"https:\/\/abil-initiatives.org\/index.php\/wp-json\/wp\/v2\/comments?post=12"}],"version-history":[{"count":4,"href":"https:\/\/abil-initiatives.org\/index.php\/wp-json\/wp\/v2\/pages\/12\/revisions"}],"predecessor-version":[{"id":35,"href":"https:\/\/abil-initiatives.org\/index.php\/wp-json\/wp\/v2\/pages\/12\/revisions\/35"}],"wp:attachment":[{"href":"https:\/\/abil-initiatives.org\/index.php\/wp-json\/wp\/v2\/media?parent=12"}],"curies":[{"name":"wp","href":"https:\/\/api.w.org\/{rel}","templated":true}]}}